 Determine x(-7).
24
Let t(f) = -3*f**2 + 8*f - 4. Determine t(4).
-20
Let w(l) = 3*l - 14. Give w(5).
1
Let r(a) = -6*a - 2. Calculate r(-4).
22
Let l(c) = -2*c**2 + 18*c - 18. What is l(8)?
-2
Let r(x) = x**2 + x + 2. Determine r(-5).
22
Let a(f) = -f**3 + 5*f**2 + 5*f. Calculate a(6).
-6
Let o(x) = x**3 + 8*x**2 - 7*x + 4. Give o(-9).
-14
Let s(x) = x**3 - 11*x**2 - 9*x - 16. Determine s(12).
20
Let c(f) = f**2 - 3*f - 15. What is c(5)?
-5
Let o(c) = -c**2 - 15*c - 4. Give o(-15).
-4
Let t(m) = -m**2 + m + 10. Calculate t(0).
10
Let b(z) = -z**2 - 8*z + 5. Determine b(-9).
-4
Let b(a) = a**3 - 6*a**2 + 6*a + 2. Determine b(5).
7
Let c(q) = -q**3 + 4*q**2 - 3. Determine c(3).
6
Let h(k) = -k**2 - 19*k - 32. Determine h(-17).
2
Let g(m) = -12*m - 5. What is g(-2)?
19
Let y(b) = b**2 + 11*b - 18. What is y(-13)?
8
Let q(k) = k**2 + 19*k - 19. Determine q(-19).
-19
Let n(d) = 2*d**3 - 2*d**2 + 2*d - 3. Calculate n(3).
39
Let j(n) = n**2 - 9*n - 15. What is j(-2)?
7
Let l(n) = -n**2 - 11*n - 10. Give l(-8).
14
Let q(g) = -g**2 + 208*g - 815. Determine q(4).
1
Let v(u) = u**2 - 19*u - 4. Determine v(16).
-52
Let c(x) = -2*x**3 + x**2 + 3*x + 2. Calculate c(-2).
16
Let m(y) = -6*y - 48. Give m(0).
-48
Let h(a) = -7*a - 7. Give h(-5).
28
Let s(y) = -7*y**3 + 2*y**2 + 4*y + 3. Determine s(-2).
59
Let h(w) = w**2 - 14*w - 111. What is h(21)?
36
Let i(p) = -p**3 - 3*p**2 + 2*p + 4. Calculate i(-4).
12
Let n(v) = -59*v - 110. Give n(-2).
8
Let w(p) = 2*p**2 - 10*p + 10. Give w(8).
58
Let n(k) = k**3 - 29*k + 16. Calculate n(5).
-4
Let l(q) = q**3 + 16*q**2 + 28*q + 41. Calculate l(-14).
41
Let l(t) = 3*t + 2. Calculate l(-6).
-16
Let u(x) = -3*x**2 + 14*x - 24. Determine u(5).
-29
Let q(f) = -f**3 - 17*f**2 - 14*f + 10. Determine q(-16).
-22
Let c(l) = 3*l**2 + 59*l + 41. Calculate c(-19).
3
Let w(q) = 2*q**2 + 9*q + 15. Calculate w(-3).
6
Let l(j) = 19*j + 35. Determine l(-6).
-79
Let p(l) = -4*l**3 - 3*l**2 - 2*l. Give p(-1).
3
Let p(q) = 39*q - 274. Determine p(7).
-1
Let u(p) = -p - 21. Determine u(-17).
-4
Let x(r) = -7*r**2 - r - 2. Give x(-1).
-8
Let c(x) = x**2 + 13*x + 22. Determine c(-18).
112
Let o(d) = -d**3 - 5*d**2 + 9*d + 3. Determine o(-7).
38
Let k(l) = -2*l**3 - 51*l**2 - 28*l + 36. What is k(-25)?
111
Let v(a) = a**2 - 4*a + 2. Determine v(5).
7
Let p(z) = 6*z - 41. What is p(3)?
-23
Let x(u) = -u - 1. Calculate x(9).
-10
Let r(d) = -11*d**3 + 8*d**2. Calculate r(1).
-3
Let u(y) = y**3 - 4*y**2 - 7*y - 4. Give u(5).
-14
Let l(u) = -u**3 + 15*u**2 - 16*u + 10. Calculate l(14).
-18
Let l(c) = c**3 + 4*c**2 - c + 11. Calculate l(-5).
-9
Let r(h) = 4*h**3 - h**2 + h. What is r(1)?
4
Let t(o) = -o**2 + 10*o + 4. Give t(9).
13
Let l(k) = 2*k + 4. Calculate l(6).
16
Let h(x) = x**3 + 8*x**2 - 11. What is h(-8)?
-11
Let y(i) = i**3 + 6*i**2 + 3*i - 1. What is y(-6)?
-19
Let m(u) = 2*u**2 + 34*u + 5. Calculate m(-17).
5
Let j(m) = -34*m - 1. What is j(-1)?
33
Let t(f) = -111*f - 319. Give t(-3).
14
Let j(h) = h**3 + 4*h**2 + h - 1. Calculate j(-2).
5
Let k(d) = 7*d**2 - 2*d - 1. What is k(-1)?
8
Let s(o) = 2*o**3 + 39*o**2 - 65*o - 51. Give s(-21).
-9
Let a(q) = q**3 + 21*q**2 - 48*q + 19. What is a(-23)?
65
Let q(n) = n**3 + 11*n**2 - 24*n - 2. Determine q(-13).
-28
Let w(c) = 2*c + 13. Determine w(0).
13
Let x(u) = u**3 + 21*u**2 - 49*u - 72. Calculate x(-23).
-3
Let i(b) = -7*b**2 - 5*b + 5. What is i(1)?
-7
Let m(f) = 5*f**2 + 3*f - 11. Calculate m(4).
81
Let j(l) = l**2 - 8*l - 5. Calculate j(8).
-5
Let y(x) = x**3 + 10*x**2 + 3*x - 6. Give y(-4).
78
Let c(n) = -2*n**3 + 13*n**2 - 6*n - 2. What is c(6)?
-2
Let o(z) = 3*z**2 - 57*z + 1. Give o(19).
1
Let g(i) = -i - 8. What is g(-8)?
0
Let n(l) = -l**2 + 10*l + 42. Determine n(14).
-14
Let f(w) = w**2 + 23*w - 18. Calculate f(-18).
-108
Let s(p) = -5*p**2 - 61*p + 1. What is s(-12)?
13
Let r(f) = -3*f**3 + 12*f**2 + 8*f - 2. Give r(4).
30
Let n(f) = -3*f**3 - 3*f**2 + 2*f - 1. What is n(2)?
-33
Let u(f) = -3*f**2 + 16*f + 21. Determine u(7).
-14
Let x(i) = -4*i**2 - 31*i - 22. Give x(-7).
-1
Let t(a) = -a**3 + a**2 - a + 4. Determine t(0).
4
Let r(y) = -17*y - 1. Calculate r(1).
-18
Let o(s) = 84*s + 413. What is o(-5)?
-7
Let j(u) = u**2 - 3*u + 3. Calculate j(-4).
31
Let x(i) = -i**3 - i**2 + 10*i - 6. Give x(-4).
2
Let z(v) = v**2 - 12*v + 13. Give z(6).
-23
Let x(s) = -s**2 + 28*s - 83. Determine x(26).
-31
Let y(a) = -a**2 - a - 8. Give y(-6).
-38
Let k(u) = -2*u + 3. Calculate k(4).
-5
Let t(a) = a**3 - 9*a**2 - 7*a - 4. Give t(10).
26
Let a(f) = -26*f - 120. Calculate a(-4).
-16
Let l(s) = 10*s - 18. Calculate l(5).
32
Let q(m) = -29*m - 27. Determine q(-2).
31
Let k(o) = -3*o**3 - 13*o**2 + 8*o - 10. What is k(-5)?
0
Let c(g) = -5*g - 50. What is c(-12)?
10
Let n(u) = -3*u**2 - 3*u - 1. Give n(-3).
-19
Let u(v) = -2*v**3 - 5*v**2 + 14*v + 31. What is u(-2)?
-1
Let s(y) = y**3 - 2*y - 1. Determine s(0).
-1
Let d(m) = m**3 - 10*m**2 + 9*m + 11. Determine d(9).
11
Let r(d) = d + 12. Give r(-5).
7
Let d(k) = -15*k - 42. Determine d(-5).
33
Let o(n) = -14*n - 3. Give o(-2).
25
Let f(r) = -r**2 + 8*r + 23. What is f(-2)?
3
Let z(u) = -5*u - 33. Calculate z(-4).
-13
Let b(m) = -12*m + 13. Determine b(-7).
97
Let y(u) = -u**3 - 11*u**2 - 16*u + 23. What is y(-9)?
5
Let x(w) = w**3 - 13*w**2 + 2*w - 6. What is x(13)?
20
Let z(v) = v**3 - 10*v**2 + 7*v + 7. Give z(10).
77
Let d(h) = -h**3 + 8*h**2 - 6. Calculate d(8).
-6
Let v(x) = x**3 + 6*x**2 + 1. What is v(-3)?
28
Let a(r) = -r**2 + 15*r - 55. Give a(10).
-5
Let f(v) = -17*v - 262. Give f(-16).
10
Let l(h) = -h**3 + 8*h**2 - 6*h + 6. Determine l(7).
13
Let r(d) = -20*d**2 - 2*d + 1. Give r(1).
-21
Let d(w) = 5*w**2 + 5*w - 103. Give d(-5).
-3
Let m(t) = -t - 10. Give m(6).
-16
Let q(p) = 2*p - 10. What is q(10)?
10
Let b(p) = -2*p**2 + 9*p. Give b(4).
4
Let b(n) = -n**3 - 8*n**2 - 6*n + 16. Determine b(-7).
9
Let x(b) = -3*b**2 - 4*b + 3. Calculate x(-4).
-29
Let i(c) = -5*c + 10. Determine i(6).
-20
Let s(u) = -14*u + 38. What is s(3)?
-4
Let t(w) = w**2 - 8*w - 5. Determine t(10).
15
Let v(i) = 8*i**2 - 5*i. What is v(2)?
22
Let j(z) = 5*z + 27. Give j(-3).
12
Let v(f) = f - 9. Calculate v(-5).
-14
Let x(f) = -f**3 - 5*f**2 + 3*f + 21. Give x(-4).
-7
Let a(q) = q**3 + 12*q**2 + 2*q + 22. Determine a(-12).
-2
Let f(k) = 2*k**3 + 9*k**2 + 10*k + 12. Calculate f(-5).
-63
Let z(k) = k**2 + 15*k + 12. Give z(-13).
-14
Let k(s) = s + 15. Give k(-4).
11
Let g(m) = 94*m - 97. Calculate g(1).
-3
Let i(h) = h**3 + 3*h**2 - 6*h - 2. Determine i(-3).
16
Let p(g) = -9*g**2 - 13*g + 14. What is p(1)?
-8
Let l(t) = -4*t + 5. Calculate l(2).
-3
Let v(k) = 49*k**2 + 146*k - 2. What is v(-3)?
1
Let l(s) = s**3 + 7*s**2 + 7*s + 3. What is l(-6)?
-3
Let t(l) = l**3 - 5*l**2 + 2*l + 9. Determine t(4).
1
Let s(k) = 3*k**2 - 7*k + 1. What is s(3)?
7
Let y(j) = -3*j**2 - 4*j. Determine y(-2).
-4
Let b(y) = -7*y**2 - 2. Determine b(-2).
-30
Let t(j) = j**2 + 12*j - 20. Give t(-15).
25
Let p(c) = -c - 17. Determine p(-15).
-2
Let t(h) = -17*h - 15. What is t(-9)?
138
Let c(r) = 6*r + 86. What is c(-14)?
2
Let n(q) = q + 1. Give n(6).
7
Let p(m) = -15*m - 3. What is p(0)?
-3
Let x(k) = 2*k**2 - 12*k + 5. Calculate x(8).
37
Let l(z) = -z**2 + 17*z - 18. Determine l(16).
-2
Let s(g) = g**2 + 6*g + 20. Give s(-7).
27
Let m(d) = 2*d - 45. Give m(20).
-5
Let b(f) = -3*f**2 + 3*f - 18. Calculate b(-6).
-144
Let n(r) = r**3 - 20*r**2 + 34*r + 40. Calculate n(18).
4
Let p(q) = q**2 - 14*q + 2. Calculate p(18).
74
Let p(a) = a**3 - 9*a**2 + 7*a + 4. Calculate p(8).
-4
Let j(h) = h**3 + 3*h**2 - 2*h. Calculate j(-2).
8
Let v(j) = 3*j**2. Determine v(1).
3
Let m(z) = z**2 + 6*z - 3. Determine m(5).
52
Let q(s) = -s**3 + s**2 + 7*s + 2. Give q(5).
-63
Let c(g) = 8*g**3 - g**2 + g. Determine c(1).
8
Let n(d) = 9*d - 21. Give n(-3).
-48
Let s(j) = j**2 + 4*j - 12. Determine s(-9).
33
Let m(c) = -c**3 - 4*c**2 + 3*c + 4. Give m(-4).
-8
Let p(s) = -s**2 + 6*s + 14. Give p(6).
14
Let s(v) = -v**3 - 26*v**2 - 25*v - 8. What is s(-25)?
-8
Let n(a) = 3*a + 14. What is n(-5)?
-1
Let k(l) = l**3 + 9*l**2 - 12*l - 26. Determine k(-10).
-6
Let l(h) = -2*h**2 - 4*h + 9. Determine l(-5).
-21
Let y(j) = -j**2 - 5*j + 5. Calculate y(-6).
-1
Let f(y) = y**2 + 2*y - 21. What is f(-6)?
